s the tens digit of c?
5
Let m = 18 + -13. Let b be (0 - (-3 + m))/2. What is the units digit of b - ((-11)/1 + 4)?
6
Let j be 21 + (-4 - 12/(-4)). Let m be (-12)/(-5)*50/j. Suppose 0*b = -b + m. What is the units digit of b?
6
Let h(o) = -226*o + 29. What is the hundreds digit of h(-5)?
1
Suppose -5 = -2*s - 3. Let b be 5/((-1)/(-13)*s). Suppose -5*z = -3*n + b, 3*n - 34 = n + z. What is the units digit of n?
5
Let b be (-124)/(-6) - (-4)/(-6). Let l(k) = -k**2 - 7*k + 14. Let t be l(-8). Let c = b + t. What is the units digit of c?
6
Suppose -7*m + 12*m = -2*f + 2350, 4712 = 4*f + 4*m. What is the units digit of f?
0
Let w = -8 - -19. Suppose u - 29 = -5*s + w, u + s - 20 = 0. What is the tens digit of u?
1
Let v(u) = u + 18. Let g be v(-15). Suppose 4*l - g*t = 532, 5*l - 662 = -0*t + 3*t. What is the units digit of l?
0
Suppose 0 = -2*h + 1 + 57. Let p = -392 - -395. Suppose n - p*o - h = 0, n + o - 16 = 9. What is the tens digit of n?
2
Suppose -4*y = -7*y - 747. Let d = y + 465. What is the tens digit of d?
1
Let v be 4/(-3) + 117/27. What is the tens digit of v/(-3)*(-790)/10?
7
Suppose -15*c = -48 - 12. Let x = 26 - 41. Let q = c - x. What is the tens digit of q?
1
Suppose -25 = c - 5*f - 2, -3*c + 11 = f. Suppose -c*x = 3*x - 80. Suppose -x = -5*b + 69. What is the units digit of b?
7
Let j(x) = x + 1. Let i be j(2). Let c(u) = 8*u**2 + 10. What is the tens digit of c(i)?
8
Let a be -10 - -9 - -3*55. Let x = a + -5. What is the hundreds digit of x?
1
Let x be 11/((-370)/125 + 3). Let b = -82 + x. What is the units digit of b?
3
Suppose -4*k = -13 - 3. Let q be 4 + (-10 - -4) + k. Suppose -l - l + 3*n = -30, n = -q*l + 30. What is the units digit of l?
5
Let f(v) = -41*v + 4. Let k be f(1). Let r = k + 62. What is the units digit of r?
5
Let v(c) = -5*c + 1. Let g be v(2). Let r = g + 11. Suppose -2 + 0 = -r*f. What is the units digit of f?
1
Suppose -3*g + 10 = -5*t, t - 3*g = 5*t + 8. Let i be (-1 + 3)/2 - t. Suppose -i*l = -37 - 38. What is the tens digit of l?
2
Suppose l - 90 = -5*z, l + 16*z = 19*z + 130. What is the units digit of l?
5
Let b(p) be the second derivative of -p**4/12 - p**3 + 3*p**2 - p. Let d be b(-6). What is the tens digit of (46/d)/((-3)/(-9))?
2
Suppose -3 = 10*d - 11*d. Suppose -5*m + 11 = d*q - 149, 4*m - 3*q = 128. What is the units digit of m?
2
Let i(w) = 2*w - 2. Let u be i(1). Suppose -3*y - d - 2*d - 54 = 0, -2*y + 3*d - 11 = u. What is the tens digit of (-254)/(-5) - y/65?
5
Let j(t) = 5 - 2*t**2 + 38*t**3 - 73*t**3 + 37*t**3 + 3*t. What is the units digit of j(4)?
3
Let h = 1972 - 1405. What is the hundreds digit of h?
5
Let p(z) = -z**3 - 6*z**2 + 4*z + 32. What is the units digit of p(-6)?
8
Suppose -209*d = -223*d + 12236. What is the units digit of d?
4
Suppose -8*b = -3*b + 75. Let m = 61 - 93. Let d = b - m. What is the units digit of d?
7
Let c(g) = -g**2 - 2*g + 28. Suppose 0 = 6*z - 2*z. What is the tens digit of c(z)?
2
Let x(r) = -r**2 - 10*r - 7. Let j be x(-8). Let u(p) = p**3 + 2*p**2 + 3*p - 2. Let q be u(5). What is the tens digit of q/12 - (-3)/j?
1
Let v = 6 + -1. Let f(h) = -5*h + 50. Let l be f(10). Suppose -162 = -v*z + 3*m, z - 3*m = -l*m + 30. What is the tens digit of z?
3
Let b be (1 - 5)/(13/494). Let p = b - -292. What is the tens digit of p?
4
Let z(r) = r**3 + 11*r**2 - r - 4. Let l be z(-11). Suppose 0 = 2*d - 5*f + 12, 4*d + l = -d + f. What is the units digit of -3 + -1 + 12 + d?
7
Let h(i) = -48*i. Let g be h(-2). Let d = -32 + g. Let l = -14 + d. What is the units digit of l?
0
Suppose 6*a - 290 = 8*a. Let o be (-2)/10 - a/(-25). Let q(p) = -3*p + 4. What is the units digit of q(o)?
2
Let f(j) = 3*j**2 - 42*j + 7. Let r be f(14). Let x(k) = -2*k - 10. Let v be x(-7). Suppose 153 = v*s - r. What is the units digit of s?
0
Let u(k) = -8*k**3 - 9*k**2 - 18*k - 52. What is the thousands digit of u(-9)?
5
Let h be (-5 - -8)/((-1)/2). What is the hundreds digit of (-6)/(-9) - 632/h?
1
Let p = -3 - -5. Let t(c) = -2*c**3 + 2*c**3 - 2*c**p - 2*c**3 + c**2. What is the units digit of t(-1)?
1
Suppose n = 3*o + 25 + 91, 0 = 4*n + 4. Let y = -488 - -586. Let d = y + o. What is the tens digit of d?
5
Suppose -5*g = 7*k - 3*k - 287, -2*g + 5*k + 128 = 0. Let m = 137 - g. What is the units digit of m?
8
Suppose 0 = 3*p - 6. Suppose -p = -2*u - 0*x - 2*x, 4*u = 4*x - 20. What is the units digit of 37 - (u + (6 - 3))?
6
Let a be (-21)/(-7) + (-1 - 2). Suppose 0*b - 2*b = a. Suppose b = m + 2*m - 75. What is the tens digit of m?
2
Let z be 4/34 + 106/(-34). Let c(v) = -v**3 - 4*v**2 + v + 2. Let u be c(-6). What is the units digit of -1 + z/((-12)/u)?
6
Suppose -27*q - 861 + 4182 = 0. What is the hundreds digit of q?
1
Let w = 0 - -3. Suppose -4 = -2*p + 4*y, 0*p + 5*y + 5 = -4*p. Suppose q - 4*q + 4*c + 29 = p, 0 = -q + w*c + 3. What is the units digit of q?
5
Suppose 9 + 6 = -5*c, 5*v = -2*c + 14164. What is the thousands digit of v?
2
Let m be (-1 - -33)/4 - 4. Suppose -4*f - 3*j + 108 = 0, -m*f - j = -0*j - 108. What is the units digit of f?
7
Let k = 471 - 267. What is the hundreds digit of k?
2
Let b be (-1)/(4/(-12)) + 26/(-2). Let l(p) be the first derivative of -p**3/3 - 13*p**2/2 - 13*p + 1. What is the tens digit of l(b)?
1
Let y(t) = -t**2 + 11*t - 15. Let g(u) = 4*u - 5. Let d(x) = 8*g(x) - 3*y(x). What is the units digit of d(4)?
9
Suppose -3*x - 20 - 34 = 0. Let l = x - -22. Suppose -2*k + l*k = 58. What is the tens digit of k?
2
Let m(b) = -b**3 - 7*b**2 + 8*b + 9. Let k be m(-8). Suppose k*u = 5*u + 128. What is the units digit of u?
2
Suppose -2*q = -900 - 414. What is the tens digit of q?
5
Let b be (2 - (-8)/(-2)) + 9. Let y(r) = 3*r + 18. What is the tens digit of y(b)?
3
Suppose 0 = 4*b + 2*p - 6*p + 12, 10 = -4*b + 5*p. Let u(s) = 3*s**2 + 10*s - 7. What is the tens digit of u(b)?
1
Let p(q) = 87*q - 78. What is the units digit of p(10)?
2
Suppose 0*j + 2*j + 36 = 0. What is the units digit of 3 + ((-2)/(-9) - 860/j)?
1
Let n be (20/30)/(1/(30/(-4))). What is the units digit of (-884)/(-85)*n/(-2 + 1)?
2
Let v = 60 - -140. What is the hundreds digit of v?
2
Let q(r) = -27*r**3 - 1. Let x(n) = -4*n + 7. Let v be x(2). What is the tens digit of q(v)?
2
Let p(m) = m**2 + 12*m - 23. What is the tens digit of p(15)?
8
What is the hundreds digit of (-9457)/(-28) - (-8)/(96/(-9))?
3
Suppose 4*z - 29 = z + 4*k, -6 = 3*z + 3*k. Suppose -z*w - 5*l = -169, 4*w + 15 = -3*l + 255. What is the units digit of w?
3
Let p = -1085 + 1459. What is the hundreds digit of p?
3
What is the units digit of (1558/6)/(5 + (-28)/6)?
9
Let s(n) = 3*n**3 + n**2 - 5*n + 20. Let v(b) = -b**3 + b - 1. Let a(o) = s(o) + 4*v(o). Suppose 5*k = 3*k. What is the units digit of a(k)?
6
Suppose -2*l - 8 = 0, 6 = -5*v + 3*l + 13. Let z(h) = 6*h**3 + h. Let c be z(v). Let q = c + 22. What is the tens digit of q?
1
Let z = 18 - -18. What is the units digit of z?
6
Let n = 73 + -52. Let w(a) = a**2 - 25*a + 150. Let k be w(10). What is the tens digit of n - (-1 + (3 - k))?
1
What is the tens digit of (744/((-24)/(-4)))/((-9)/(-63))?
6
Suppose 3*f - 1316 = 4*u - 8*u, -5*u = -4*f + 1796. What is the hundreds digit of f?
4
Let v(b) = 9*b**2 - 2*b + 1143. What is the tens digit of v(0)?
4
Let z = -307 - -136. Let d = z + 303. Let c = -83 + d. What is the units digit of c?
9
Let b(r) be the first derivative of 4*r**3/3 + 3*r**2 + 9*r + 6. Let x be b(-6). Suppose 0 = -4*o - j + x, -j - 132 = -5*o + 3. What is the units digit of o?
8
Suppose -21 = -4*k - 441. Let n = k + 209. What is the units digit of (n/(-4))/((-2)/1)?
3
Let o(a) = -59*a + 119. What is the hundreds digit of o(-9)?
6
Let c = -31 - -30. What is the units digit of (-756)/(-9) - c*(2 + -4)?
2
Suppose 0 = 1269*d - 1268*d - 2901. What is the thousands digit of d?
2
What is the hundreds digit of 1/(-4) - 842886/(-344)?
4
Let g(k) = 2*k**3 + 19*k**2 + 9*k - 90. What is the tens digit of g(11)?
7
Suppose 2*v + 0*v = 16. Suppose 0 = -5*w + k + 17, v*k = 3*w + 3*k - 19. Suppose 5 = j + w. What is the units digit of j?
2
What is the tens digit of (299/52)/((-1098)/552 + 2)?
2
Let l be -4 + 0 + (-2 - 1). Let y = 11 - l. What is the units digit of y?
8
What is the units digit of ((-342)/8)/((-7)/28)?
1
Let p(q) = 41*q + 7. Let n be p(3). Suppose -4*d 